{"id":118,"date":"2018-08-14T13:48:10","date_gmt":"2018-08-14T11:48:10","guid":{"rendered":"http:\/\/mapaobrzedowa.pl\/mapa\/?page_id=118"},"modified":"2026-02-10T16:01:08","modified_gmt":"2026-02-10T15:01:08","slug":"realizatorzy","status":"publish","type":"page","link":"http:\/\/mapaobrzedowa.pl\/mapa\/realizatorzy\/","title":{"rendered":"Realizatorzy"},"content":{"rendered":"<p><!-- VideographyWP Plugin Message: Automatic video embedding prevented by plugin options. --><\/p>\n<h2>Julita \u0106wik\u0142a<\/h2>\n<p>Urodzona w Zgorzelcu. W latach 1986-1991 studiowa\u0142a etnografi\u0119 na Wydziale Filozoficzno-Historycznym Uniwersytetu Wroc\u0142awskiego. W roku 2001 uko\u0144czy\u0142a Studium Muzeologiczne na Uniwersytecie Jagiello\u0144skim w Krakowie, w 2012 r. uko\u0144czy\u0142a studia podyplomowe na Uniwersytecie Ekonomicznym w Katowicach w zakresie Zarz\u0105dzanie w kulturze, sztuce i turystyce kulturalnej. W 1991 roku podj\u0119\u0142a prac\u0119 w Muzeum w Muzeum w Raciborzu, gdzie od 26 lat kieruje dzia\u0142em etnografii. G\u0142\u00f3wne zainteresowania zawodowe to: obrz\u0119dy, \u015bl\u0105skie stroje ludowe,\u00a0 ikonografia hagiograficzna, \u015bl\u0105ska sztuka ludowa. W tym kierunku prowadzi badania terenowe dotycz\u0105ce obrz\u0119dowo\u015bci dorocznej i rodzinnej regionu raciborskiego.<\/p>\n<p>Od 2006r organizuje konkursy popularyzuj\u0105ce plastyk\u0119 obrz\u0119dow\u0105 \u2013 Powiatowy Konkurs na Ozdob\u0119 Wielkanocn\u0105 adresowany do dzieci i m\u0142odzie\u017cy szk\u00f3\u0142 powiatu raciborskiego, kt\u00f3ry cieszy si\u0119 coraz wi\u0119ksz\u0105 popularno\u015bci\u0105. W 2017 odby\u0142 si\u0119 XI. Powiatowy Konkurs na Ozdob\u0119 Wielkanocn\u0105.\u00a0 \u00a0Dzi\u0119ki jej dzia\u0142alno\u015bci i aktywno\u015bci Muzeum w Raciborzu pozyska\u0142o do swoich zbior\u00f3w wiele ciekawych obiekt\u00f3w \u015bl\u0105skiej kultury ludowej. Od pocz\u0105tku 2017 roku Julita \u0106wik\u0142a zaanga\u017cowa\u0142a si\u0119 w projekt realizowany przez Regionalny Instytut Kultury w Katowicach \u201eMapa obrz\u0119dowa G\u00f3rnego \u015al\u0105ska\u201d.<\/p>\n<h2>Danuta Cholewa<\/h2>\n<p>Etnolog (Uniwersytet \u015al\u0105ski w Katowicach, Kolegium Polskie Mi\u0119dzynarodowej Szko\u0142y Nauk o Edukacji i Kulturze), pedagog plastyk (Uniwersytet \u015al\u0105ski w Katowicach, Wydzia\u0142 Pedagogiczno-Artystyczny), instruktor r\u0119kodzie\u0142a artystycznego (Centrum Animacji Kultury). Specjalista do spraw etnologii w Regionalnym Instytucie Kultury w Katowicach.\u00a0 Badaczka, dokumentalistka i popularyzatorka. W latach 2006-2008 koordynator Europejskich Dni Dziedzictwa w wojew\u00f3dztwie \u015bl\u0105skim.<\/p>\n<p>Autorka publikacji i artyku\u0142\u00f3w naukowych, cz\u0142onek zespo\u0142\u00f3w opracowuj\u0105cych dokumenty strategiczne dot. kultury w wojew\u00f3dztwie \u015bl\u0105skim oraz inne dokumentacje, np.:<\/p>\n<p>&#8222;Wojew\u00f3dzki Program Opieki nad Zabytkami w wojew\u00f3dztwie \u015bl\u0105skim na lata 2006-2009&#8221; oraz lata 2010-2013. &#8222;Osiedle robotnicze Nikiszowiec w Katowicach. Dokumentacja zg\u0142oszenia zabytku do uznania za pomnik historii&#8221;, Katowice 2008. &#8222;Szczekociny. Studium ochrony warto\u015bci kulturowych miasta&#8221;, Katowice 2017. Stypendystka Marsza\u0142ka Wojew\u00f3dztwa \u015al\u0105skiego w dziedzinie kultury w 2012 r.Koordynator projektu &#8222;Purpurka na Polk\u0119&#8221; dofinansowanego ze \u015brodk\u00f3w MKiDN w 2017 r.<\/p>\n<h2>Robert Garstka\u200b<\/h2>\n<p>Pracownik Instytutu My\u015bli Polskiej im. Wojciecha Korfantego; etnograf, fotograf, regionalista. Zawodowo zajmuje si\u0119 badaniem i dokumentowaniem tradycji i zwyczaj\u00f3w zwi\u0105zanych z obrz\u0119dowo\u015bci\u0105 doroczn\u0105 i rodzinn\u0105. Cz\u0142onek Polskiego Towarzystwa Ludoznawczego &#8211; \u015al\u0105ski oddzia\u0142. Spo\u0142eczny opiekun zabytk\u00f3w.Autor ksi\u0105\u017cek:\u00a0 \u201eB\u0119dzi\u0144ski pejza\u017c frasobliwy\u201d, \u201ePrzydro\u017cni \u015bwiadkowie wiary\u201d, \u201eDom wieczno\u015bci\u201d, \u201eTajemnice czeladzkich kapliczek\u201d, \u201e\u015awiat obok nas. Obrz\u0119dowo\u015b\u0107 doroczna w wojew\u00f3dztwie \u015bl\u0105skim\u201d oraz wsp\u00f3\u0142autor publikacji : \u201eTropem badaczy Zag\u0142\u0119bia D\u0105browskiego\u201d i \u201eCzas niezwyk\u0142y. Obrz\u0119dowo\u015b\u0107 doroczna na G\u00f3rnym \u015al\u0105sku\u201d.<\/p>\n<p>Dwukrotnie uhonorowany nagrod\u0105 oraz wyr\u00f3\u017cnieniem Miasta B\u0119dzina za osi\u0105gni\u0119cia w dziedzinie tw\u00f3rczo\u015bci artystycznej oraz upowszechniania i ochrony kultury oraz nagrod\u0105 Starosty B\u0119dzi\u0144skiego za Osi\u0105gni\u0119cia w dziedzinie tw\u00f3rczo\u015bci artystycznej, upowszechniania i ochrony kultury. \u00a0Wyr\u00f3\u017cniony przez Zwi\u0105zek Kombatant\u00f3w Odznak\u0105 Zas\u0142u\u017cony dla Zwi\u0105zku Kombatant\u00f3w RP i BWP za dokumentacj\u0119 zdj\u0119ciow\u0105 do publikacji \u201eMiejsca pami\u0119ci w B\u0119dzinie\u201d.<\/p>\n<h2>Krystyna Pieronkiewicz-Pieczko<\/h2>\n<p>Etnolog, starszy kustosz, absolwent Uniwersytetu \u0141\u00f3dzkiego w \u0141odzi (1984) i Podyplomowych Studi\u00f3w Muzeologicznych na Uniwersytecie Jagiello\u0144skim w Krakowie (1990). Kierownik Dzia\u0142u Etnologii Muzeum \u015al\u0105skiego w Katowicach. Autorka i wsp\u00f3\u0142autorka kilkudziesi\u0119ciu wystaw czasowych nagradzanych w wojew\u00f3dzkich i og\u00f3lnopolskich edycjach konkursu \u201eWydarzenie Muzealne Roku\u201d. Autorka i wsp\u00f3\u0142autorka katalogu zbior\u00f3w, katalog\u00f3w wystaw i kilkudziesi\u0119ciu artyku\u0142\u00f3w na temat dziedzictwa G\u00f3rnego \u015al\u0105ska, stroju pszczy\u0144skiego, zwyczaj\u00f3w i obrz\u0119d\u00f3w, gin\u0105cych zawod\u00f3w. Jurorka przegl\u0105d\u00f3w folklorystycznych, Nagrody Oskara Kolberga za zas\u0142ugi dla Kultury Ludowej, konsultant merytoryczny projekt\u00f3w etnograficznych. Systematycznie od lat 80.<\/p>\n<p>XX wieku organizatorka i uczestniczka etnograficznych bada\u0144 terenowych nad dziedzictwem kulturowym G\u00f3rnego \u015al\u0105ska, m.in. nad pszczy\u0144skim strojem ludowym, sztuk\u0105 ludow\u0105, obrz\u0119dowo\u015bci\u0105 rodzinn\u0105 i doroczn\u0105, zwyczajami \u017cniwnymi, tradycjami pielgrzymowania, rzemios\u0142em i rolnictwem prowadzonych na Ziemi Pszczy\u0144skiej, Raciborskiej, \u015al\u0105sku Cieszy\u0144skim, Opolskim, w Beskidzie \u015al\u0105skim, a ponadto w gminie Wilamowice, na \u017bywiecczy\u017anie, w Zag\u0142\u0119biu D\u0105browskim i w Ma\u0142opolsce. Efekty prac badawczych wykorzystuje w pracy muzealnej, na realizowanych ekspozycjach i w przygotowywanych publikacjach.<\/p>\n<h2>Bogdan Jasi\u0144ski<\/h2>\n<p>Pracownik Muzeum Wsi Opolskiej, kustosz, etnolog, muzeolog z 19. Letnim do\u015bwiadczeniem. Od 1997 do 2009 r. pracownik dzia\u0142u Kultury Materialnej i Folkloru. Samodzielny pracownik naukowy, od 2009 r. sprawuje piecz\u0119 nad kolekcj\u0105 R\u0119kodzie\u0142a Artystycznego i Sztuki Ludowej. Od 2007 odpowiedzialny za organizacj\u0119 konkurs\u00f3w plastyki obrz\u0119dowej i malowania porcelany w MWO, przeprowadzi\u0142 21 przewod\u00f3w konkursowych. Autor kilkunastu artyku\u0142\u00f3w, wydawnictw i katalog\u00f3w o \u015bl\u0105skiej sztuce ludowej i nieprofesjonalnej: Zwyczaj \u201ewodzenia nied\u017awiedzia\u201d na \u015al\u0105sku Opolskim, [w:] Wsp\u00f3lne jutro. Kontynuacja i zmiana w kulturze wsp\u00f3\u0142czesnej wsi polskiej, Kielce 1998\u037eO\u015brodki wytwarzania gwizdk\u00f3w ceramicznych w Polsce, [w:] Tw\u00f3rczo\u015b\u0107 Ludowa, nr 12, Lublin 2002\u037e Kroszonki Opolskie 2009. Katalog wystawy, Opole 2009\u037e<\/p>\n<p>Gwiezdny py\u0142. Magiczny \u015bwiat rze\u017ab Jana Koloczka. Katalog wystawy. Muzeum Wsi Opolskiej, Opole 2009\u037eCudny \u015bpiewak \u2013 z gliny ptak, Gwizdki ceramiczne z kolekcji Andrzeja Nowaka, [w:] Dawne i wsp\u00f3\u0142czesne zabawki dzieci\u0119ce, red. D. \u017bo\u0142\u0105d\u017a-Strzelczyk i K. Kabaci\u0144skiej, Pozna\u0144 2010\u037e Kroszonki Opolskie 2011. Katalog wystawy, Opole 2011\u037e W kr\u0119gu pi\u0119kna i tradycji. Mi\u0119dzynarodowy Konkurs Plastyki Obrz\u0119dowej w Rudnikach, Opole 2011\u037e Malowana porcelana opolska, Opole 2012\u037e Kroszonki opolskie, Opole 2013\u037e II Wojew\u00f3dzki Konkurs Sztuki Nieprofesjonalnej, Opole 2013\u037e \u015al\u0105skie malarstwo na szkle, Opole 2014\u037e Wojew\u00f3dzki Konkurs Plastyki Obrz\u0119dowej i R\u0119kodzie\u0142a Artystycznego, Opole 2015\u037e XXV Mi\u0119dzynarodowy Konkurs Plastyki Obrz\u0119dowej w Rudnikach, Opole 2016 . Zrealizowa\u0142 30 wystaw z zakresu sztuki ludowej, plastyki obrz\u0119dowej i r\u0119kodzie\u0142a artystycznego.<u><\/u><u><\/u><\/p>\n<h2>Izabela Jasi\u0144ska<\/h2>\n<p>Uko\u0144czy\u0142a &#8211; etnografi\u0119 na Uniwersytecie Wroc\u0142awskim. Zatrudniona w Muzeum Wsi Opolskiej w Opolu, gdzie prowadzi\u0142a badania nad obrz\u0119dowo\u015bci\u0105 doroczn\u0105, strojem ludowym, dawnym handlem. W Muzeum \u015al\u0105ska Opolskiego w Opolu pracuje od sierpnia 2007 r. na stanowisku adiunkta, a nast\u0119pnie zast\u0119pcy kierownika Dzia\u0142u Edukacji Muzealnej.<\/p>\n<p>Jest autork\u0105 scenariuszy lekcji muzealnych, odczyt\u00f3w i zaj\u0119\u0107 edukacyjnych o tematyce etnograficznej organizowanych w muzeum i w terenie.<\/p>\n<h2>Maciej Zygmunt<\/h2>\n<p>Kieruje dzia\u0142em Obserwatorium Kultury w katowickim Instytucie Korfantego \u2013 wyspecjalizowanej kom\u00f3rce prowadz\u0105cej dzia\u0142alno\u015b\u0107 badawczo-rozwojow\u0105 w obszarze kultury.\u00a0Realizator i badacz w projektach diagnostycznych: spo\u0142ecznych i etnograficznych. Konsultant samorz\u0105dowych polityk publicznych, szkoleniowiec. Lider i ewaluator w katowickim\u00a0akredytowanym biurze programu Erasmus+ 2021-2027. Cz\u0142onek Forum Krak\u00f3w \u2013 samorz\u0105dowego zrzeszenia os\u00f3b z ca\u0142ej Polski, dzia\u0142aj\u0105cych na rzecz animacji kultury. Inicjator\u00a0Forum Animator\u00f3w Kultury Wojew\u00f3dztwa \u015al\u0105skiego. Wsp\u00f3\u0142pracownik cieszy\u0144skiej filii Uniwersytetu \u015al\u0105skiego oraz Narodowego Centrum Kultury.<\/p>\n<h2>Aleksander Lysko<\/h2>\n<p>Koordynator wielu projekt\u00f3w kulturalnych (w tym badawczych, etnograficznych np. \u201eTropem badaczy Zag\u0142\u0119bia D\u0105browskiego\u201d). Zawodowo zwi\u0105zany z Instytutem My\u015bli Polskiej im. Wojciecha Korfantego.<\/p>\n<p>Z wykszta\u0142cenia etnolog. Wsp\u00f3\u0142pracuje z przedstawicielami \u015brodowisk kulturalnych i o\u015bwiatowych jako doradca w pozyskiwaniu wsparcia finansowego. Edukator w wielu przestrzeniach zwi\u0105zanych z dzia\u0142alno\u015bci\u0105 kulturaln\u0105.<\/p>\n<h2>Dobrawa Skonieczna-Gawlik<\/h2>\n<p>Etnolog, etnograf, kustosz, absolwentka Uniwersytetu \u015al\u0105skiego w Katowicach oraz studi\u00f3w podyplomowych z zakresu zarz\u0105dzania ochron\u0105 d\u00f3br kultury na Uniwersytecie im. A. Mickiewicza w Poznaniu, doktorantka tej\u017ce uczelni. W latach 2002-2014 pracowa\u0142a jako etnograf w Muzeum Zag\u0142\u0119bia w B\u0119dzinie a obecnie zajmuje stanowisko kustosza w Dziale Obiekt\u00f3w i Zabytk\u00f3w Ruchomych Muzeum \u201eG\u00f3rno\u015bl\u0105ski Park Etnograficzny w Chorzowie\u201d. W latach 2014-2016, jako koordynator merytoryczny, wraz z Regionalnym Instytutem Kultury w Katowicach realizowa\u0142a projekty badawcze \u201eTropem Kolberga\u2013 etnograficzne badania terenowe Zag\u0142\u0119bia D\u0105browskiego\u201d oraz \u201eTropem badaczy Zag\u0142\u0119bia D\u0105browskiego\u201d, kt\u00f3re prowadzone by\u0142 w ramach program\u00f3w MKiDN. Efektem projekt\u00f3w jest obszerna publikacja, wzbogacona fotografiami archiwalnymi i wsp\u00f3\u0142czesnymi, omawiaj\u0105ca dawne i tera\u017aniejsze aspekty tradycyjnej kultury mieszka\u0144c\u00f3w \u00a0Zag\u0142\u0119bia D\u0105browskiego ze szczeg\u00f3lnym uwzgl\u0119dnieniem zwyczaj\u00f3w i obrz\u0119d\u00f3w dorocznych oraz rodzinnych.<\/p>\n<p>Laureatka wyr\u00f3\u017cnienia Miasta B\u0119dzina za osi\u0105gni\u0119cia w dziedzinie tw\u00f3rczo\u015bci artystycznej oraz upowszechniania i ochrony kultury (2007), stypendystka Wojew\u00f3dztwa \u015al\u0105skiego w dziedzinie kultury (2009) oraz Miasta Sosnowca w dziedzinie kultury dla os\u00f3b zajmuj\u0105cych si\u0119 tw\u00f3rczo\u015bci\u0105 artystyczn\u0105, upowszechnianiem kultury i opiek\u0105 nad zabytkami (2013). Od pocz\u0105tku swej dzia\u0142alno\u015bci na gruncie etnografii wsp\u00f3\u0142pracuje z instytucjami, o\u015brodkami naukowymi, organizacjami samorz\u0105dowymi, stowarzyszeniami, zespo\u0142ami folklorystycznymi i plac\u00f3wkami edukacyjnymi wojew\u00f3dztwa \u015bl\u0105skiego, publikuje artyku\u0142y w prasie lokalnej, samorz\u0105dowej, w czasopismach spo\u0142ecznokulturalnych, wydawnictwach specjalistycznych oraz na portalach internetowych. Dokumentuje sztuk\u0119 ludow\u0105, wytw\u00f3rczo\u015b\u0107 r\u0119kodzielnicz\u0105 i dzia\u0142alno\u015b\u0107 folklorystyczn\u0105, organizuje wystawy, prowadzi warsztaty pokazuj\u0105ce gin\u0105ce zawody wsp\u00f3\u0142pracuj\u0105c z tw\u00f3rcami w ca\u0142ej Polsce. Prowadzi badania i opracowuje materia\u0142y dotycz\u0105ce obrz\u0119dowo\u015bci dorocznej oraz rodzinnej, budownictwa, stroju, tradycyjnej kuchni regionalnej mieszka\u0144c\u00f3w pogranicza ma\u0142opolsko-\u015bl\u0105skiego.<\/p>\n<h2>Ma\u0142gorzata Pietrzak<\/h2>\n<p>mgr kulturoznawstwa (specjalizacja: komunikacja kulturowa na Wydziale Filologicznym Uniwersytetu \u015al\u0105skiego), uczestnik projektu &#8222;Dom Kultury jako o\u015brodek integracji i rozwoju spo\u0142ecznego&#8221; (Centrum Wspierania Aktywno\u015bci Lokalnej). W 2014 r. przeprowadzi\u0142a badania nt. stanu zachowania umiej\u0119tno\u015bci wi\u0105zania \u015bl\u0105skiej chusty purpurki w zwi\u0105zku z ratyfikacj\u0105 konwencji UNESCO w sprawie ochrony niematerialnego dziedzictwa kulturowego z 2003 r.<\/p>\n<p>Prowadzi prelekcje, warsztaty, konsultacje, publikuje artyku\u0142y na temat dziedzictwa kulturowego, m.in. \u015bl\u0105skiego stroju ludowego i historii w\u0142\u00f3kiennictwa. By\u0142y cz\u0142onek studenckiego zespo\u0142u folklorystycznego, pasjonatka stroju \u015bl\u0105skiego, lokalnych tradycji i r\u0119kodzie\u0142a.<\/p>\n","protected":false},"excerpt":{"rendered":"<p>Julita \u0106wik\u0142a Urodzona w Zgorzelcu. W latach 1986-1991 studiowa\u0142a etnografi\u0119 na Wydziale Filozoficzno-Historycznym Uniwersytetu Wroc\u0142awskiego. W roku 2001 uko\u0144czy\u0142a Studium Muzeologiczne na Uniwersytecie Jagiello\u0144skim w Krakowie, w 2012 r. uko\u0144czy\u0142a studia podyplomowe na Uniwersytecie Ekonomicznym w Katowicach w zakresie Zarz\u0105dzanie w kulturze, sztuce i turystyce kulturalnej. W 1991 roku podj\u0119\u0142a prac\u0119 w Muzeum w Muzeum [&hellip;]<\/p>\n","protected":false},"author":1,"featured_media":0,"parent":0,"menu_order":0,"comment_status":"closed","ping_status":"closed","template":"","meta":[],"yoast_head":"<!-- This site is optimized with the Yoast SEO plugin v18.4.1 - https:\/\/yoast.com\/wordpress\/plugins\/seo\/ -->\n<title>Realizatorzy - Mapa Obrz\u0119dowa<\/title>\n<meta name=\"robots\" content=\"index, follow, max-snippet:-1, max-image-preview:large, max-video-preview:-1\" \/>\n<link rel=\"canonical\" href=\"http:\/\/mapaobrzedowa.pl\/mapa\/realizatorzy\/\" \/>\n<meta property=\"og:locale\" content=\"pl_PL\" \/>\n<meta property=\"og:type\" content=\"article\" \/>\n<meta property=\"og:title\" content=\"Realizatorzy - Mapa Obrz\u0119dowa\" \/>\n<meta property=\"og:description\" content=\"Julita \u0106wik\u0142a Urodzona w Zgorzelcu. W latach 1986-1991 studiowa\u0142a etnografi\u0119 na Wydziale Filozoficzno-Historycznym Uniwersytetu Wroc\u0142awskiego. W roku 2001 uko\u0144czy\u0142a Studium Muzeologiczne na Uniwersytecie Jagiello\u0144skim w Krakowie, w 2012 r. uko\u0144czy\u0142a studia podyplomowe na Uniwersytecie Ekonomicznym w Katowicach w zakresie Zarz\u0105dzanie w kulturze, sztuce i turystyce kulturalnej. W 1991 roku podj\u0119\u0142a prac\u0119 w Muzeum w Muzeum [&hellip;]\" \/>\n<meta property=\"og:url\" content=\"http:\/\/mapaobrzedowa.pl\/mapa\/realizatorzy\/\" \/>\n<meta property=\"og:site_name\" content=\"Mapa Obrz\u0119dowa\" \/>\n<meta property=\"article:modified_time\" content=\"2026-02-10T15:01:08+00:00\" \/>\n<meta property=\"og:image\" content=\"http:\/\/mapaobrzedowa.pl\/mapa\/wp-content\/uploads\/2018\/08\/mogs_logo-02.png\" \/>\n\t<meta property=\"og:image:width\" content=\"876\" \/>\n\t<meta property=\"og:image:height\" content=\"386\" \/>\n\t<meta property=\"og:image:type\" content=\"image\/png\" \/>\n<meta name=\"twitter:card\" content=\"summary_large_image\" \/>\n<meta name=\"twitter:label1\" content=\"Szacowany czas czytania\" \/>\n\t<meta name=\"twitter:data1\" content=\"8 minut\" \/>\n<script type=\"application\/ld+json\" class=\"yoast-schema-graph\">{\"@context\":\"https:\/\/schema.org\",\"@graph\":[{\"@type\":\"WebSite\",\"@id\":\"https:\/\/mapaobrzedowa.pl\/mapa\/#website\",\"url\":\"https:\/\/mapaobrzedowa.pl\/mapa\/\",\"name\":\"Mapa Obrz\u0119dowa\",\"description\":\"\",\"potentialAction\":[{\"@type\":\"SearchAction\",\"target\":{\"@type\":\"EntryPoint\",\"urlTemplate\":\"https:\/\/mapaobrzedowa.pl\/mapa\/?s={search_term_string}\"},\"query-input\":\"required name=search_term_string\"}],\"inLanguage\":\"pl-PL\"},{\"@type\":\"WebPage\",\"@id\":\"http:\/\/mapaobrzedowa.pl\/mapa\/realizatorzy\/#webpage\",\"url\":\"http:\/\/mapaobrzedowa.pl\/mapa\/realizatorzy\/\",\"name\":\"Realizatorzy - Mapa Obrz\u0119dowa\",\"isPartOf\":{\"@id\":\"https:\/\/mapaobrzedowa.pl\/mapa\/#website\"},\"datePublished\":\"2018-08-14T11:48:10+00:00\",\"dateModified\":\"2026-02-10T15:01:08+00:00\",\"breadcrumb\":{\"@id\":\"http:\/\/mapaobrzedowa.pl\/mapa\/realizatorzy\/#breadcrumb\"},\"inLanguage\":\"pl-PL\",\"potentialAction\":[{\"@type\":\"ReadAction\",\"target\":[\"http:\/\/mapaobrzedowa.pl\/mapa\/realizatorzy\/\"]}]},{\"@type\":\"BreadcrumbList\",\"@id\":\"http:\/\/mapaobrzedowa.pl\/mapa\/realizatorzy\/#breadcrumb\",\"itemListElement\":[{\"@type\":\"ListItem\",\"position\":1,\"name\":\"Strona g\u0142\u00f3wna\",\"item\":\"https:\/\/mapaobrzedowa.pl\/mapa\/\"},{\"@type\":\"ListItem\",\"position\":2,\"name\":\"Realizatorzy\"}]}]}<\/script>\n<!-- \/ Yoast SEO plugin. -->","yoast_head_json":{"title":"Realizatorzy - Mapa Obrz\u0119dowa","robots":{"index":"index","follow":"follow","max-snippet":"max-snippet:-1","max-image-preview":"max-image-preview:large","max-video-preview":"max-video-preview:-1"},"canonical":"http:\/\/mapaobrzedowa.pl\/mapa\/realizatorzy\/","og_locale":"pl_PL","og_type":"article","og_title":"Realizatorzy - Mapa Obrz\u0119dowa","og_description":"Julita \u0106wik\u0142a Urodzona w Zgorzelcu. W latach 1986-1991 studiowa\u0142a etnografi\u0119 na Wydziale Filozoficzno-Historycznym Uniwersytetu Wroc\u0142awskiego. W roku 2001 uko\u0144czy\u0142a Studium Muzeologiczne na Uniwersytecie Jagiello\u0144skim w Krakowie, w 2012 r. uko\u0144czy\u0142a studia podyplomowe na Uniwersytecie Ekonomicznym w Katowicach w zakresie Zarz\u0105dzanie w kulturze, sztuce i turystyce kulturalnej. W 1991 roku podj\u0119\u0142a prac\u0119 w Muzeum w Muzeum [&hellip;]","og_url":"http:\/\/mapaobrzedowa.pl\/mapa\/realizatorzy\/","og_site_name":"Mapa Obrz\u0119dowa","article_modified_time":"2026-02-10T15:01:08+00:00","og_image":[{"width":876,"height":386,"url":"http:\/\/mapaobrzedowa.pl\/mapa\/wp-content\/uploads\/2018\/08\/mogs_logo-02.png","type":"image\/png"}],"twitter_card":"summary_large_image","twitter_misc":{"Szacowany czas czytania":"8 minut"},"schema":{"@context":"https:\/\/schema.org","@graph":[{"@type":"WebSite","@id":"https:\/\/mapaobrzedowa.pl\/mapa\/#website","url":"https:\/\/mapaobrzedowa.pl\/mapa\/","name":"Mapa Obrz\u0119dowa","description":"","potentialAction":[{"@type":"SearchAction","target":{"@type":"EntryPoint","urlTemplate":"https:\/\/mapaobrzedowa.pl\/mapa\/?s={search_term_string}"},"query-input":"required name=search_term_string"}],"inLanguage":"pl-PL"},{"@type":"WebPage","@id":"http:\/\/mapaobrzedowa.pl\/mapa\/realizatorzy\/#webpage","url":"http:\/\/mapaobrzedowa.pl\/mapa\/realizatorzy\/","name":"Realizatorzy - Mapa Obrz\u0119dowa","isPartOf":{"@id":"https:\/\/mapaobrzedowa.pl\/mapa\/#website"},"datePublished":"2018-08-14T11:48:10+00:00","dateModified":"2026-02-10T15:01:08+00:00","breadcrumb":{"@id":"http:\/\/mapaobrzedowa.pl\/mapa\/realizatorzy\/#breadcrumb"},"inLanguage":"pl-PL","potentialAction":[{"@type":"ReadAction","target":["http:\/\/mapaobrzedowa.pl\/mapa\/realizatorzy\/"]}]},{"@type":"BreadcrumbList","@id":"http:\/\/mapaobrzedowa.pl\/mapa\/realizatorzy\/#breadcrumb","itemListElement":[{"@type":"ListItem","position":1,"name":"Strona g\u0142\u00f3wna","item":"https:\/\/mapaobrzedowa.pl\/mapa\/"},{"@type":"ListItem","position":2,"name":"Realizatorzy"}]}]}},"acf":[],"_links":{"self":[{"href":"http:\/\/mapaobrzedowa.pl\/mapa\/wp-json\/wp\/v2\/pages\/118"}],"collection":[{"href":"http:\/\/mapaobrzedowa.pl\/mapa\/wp-json\/wp\/v2\/pages"}],"about":[{"href":"http:\/\/mapaobrzedowa.pl\/mapa\/wp-json\/wp\/v2\/types\/page"}],"author":[{"embeddable":true,"href":"http:\/\/mapaobrzedowa.pl\/mapa\/wp-json\/wp\/v2\/users\/1"}],"replies":[{"embeddable":true,"href":"http:\/\/mapaobrzedowa.pl\/mapa\/wp-json\/wp\/v2\/comments?post=118"}],"version-history":[{"count":24,"href":"http:\/\/mapaobrzedowa.pl\/mapa\/wp-json\/wp\/v2\/pages\/118\/revisions"}],"predecessor-version":[{"id":7456,"href":"http:\/\/mapaobrzedowa.pl\/mapa\/wp-json\/wp\/v2\/pages\/118\/revisions\/7456"}],"wp:attachment":[{"href":"http:\/\/mapaobrzedowa.pl\/mapa\/wp-json\/wp\/v2\/media?parent=118"}],"curies":[{"name":"wp","href":"https:\/\/api.w.org\/{rel}","templated":true}]}}